{"id":1358,"date":"2020-03-15T16:17:43","date_gmt":"2020-03-15T20:17:43","guid":{"rendered":"https:\/\/naillycosmetics.com\/?post_type=product&#038;p=1358"},"modified":"2026-04-16T17:48:33","modified_gmt":"2026-04-16T21:48:33","slug":"metallic-nail-powder-dust","status":"publish","type":"product","link":"https:\/\/naillycosmetics.com\/fr\/produit\/metallic-nail-powder-dust\/","title":{"rendered":"Victoria VYNN Poudre \u00e0 ongles m\u00e9tallis\u00e9e Dust"},"content":{"rendered":"<p>La collection Victoria VYNN Metallic Nail Powder Dust se compose de 8 poussi\u00e8res brillantes aux couleurs magnifiques qui, apr\u00e8s l'application du Top Gloss No Wipe, donneront \u00e0 vos ongles l'aspect de l'eau, d'un miroir ou du m\u00e9tal.<\/p>\n<p>L'application du Top Matt No Wipe donnera \u00e0 vos mailings r\u00e9alis\u00e9s avec des Metallic Dusts l'effet d'un velours soyeux ou d'un veau chaud, qui couvrira vos ongles pendant l'automne \u00e0 venir.<\/p>\n<p>Victoria VYNN, la marque de vernis gel la plus vendue au Canada, fournit aux techniciens et professionnels de l'ongle des produits de haute qualit\u00e9 pour cr\u00e9er des finitions d'art de l'ongle \u00e9tonnantes. Visitez notre site fr\u00e9quemment pour de nouveaux produits !<\/p>\n<p>Nous sommes convaincus que chaque femme poss\u00e8de un \u00e9norme potentiel que nous voulons lib\u00e9rer. Nous veillons \u00e0 ce que, gr\u00e2ce \u00e0 des ongles \u00e9tonnants, les femmes d\u00e9couvrent ce pouvoir en elles et soient pr\u00eates \u00e0 faire face \u00e0 toutes les situations, courageuses et belles !<\/p>","protected":false},"excerpt":{"rendered":"<p>La collection Victoria VYNN Metallic Nail Powder Dust se compose de 8 poussi\u00e8res brillantes aux couleurs magnifiques qui, apr\u00e8s application du Top Gloss No Wipe, donneront \u00e0 vos ongles l'aspect de l'eau, du miroir ou du m\u00e9tal. L'application du Top Matt No Wipe donnera \u00e0 vos motifs de mail r\u00e9alis\u00e9s avec les Metallic Dust l'effet d'un velours soyeux ou d'un veau chaud, qui couvrira vos ongles pendant l'automne \u00e0 venir.<\/p>","protected":false},"featured_media":6959,"comment_status":"open","ping_status":"closed","template":"","meta":{"jetpack_post_was_ever_published":false,"jetpack_publicize_message":"","jetpack_publicize_feature_enabled":true,"jetpack_social_post_already_shared":false,"jetpack_social_options":{"image_generator_settings":{"template":"highway","default_image_id":0,"font":"","enabled":false},"version":2}},"product_brand":[932],"product_cat":[29],"product_tag":[604,82],"class_list":{"0":"post-1358","1":"product","2":"type-product","3":"status-publish","4":"has-post-thumbnail","6":"product_brand-victoria-vynn","7":"product_cat-metallic-powder-dust","8":"product_tag-nail-art","9":"product_tag-nail-powder-dust-colors","10":"product_shipping_class-cardboard-box","11":"pa_size-2g","13":"first","14":"instock","15":"taxable","16":"shipping-taxable","17":"purchasable","18":"product-type-variable"},"jetpack_publicize_connections":[],"jetpack-related-posts":[{"id":1309,"url":"https:\/\/naillycosmetics.com\/fr\/produit\/nail-powder-dust\/","url_meta":{"origin":1358,"position":0},"title":"Victoria VYNN Poudre \u00e0 ongles Dust","author":"Serge Sahakian","date":"mars 15, 2020","format":false,"excerpt":"Victoria VYNN Nail Powder Dusts, when applied on white polish, give a charming gloss, which makes them ideal for wedding sterilizations. Two methods of the application : sprinkled on an uncured Top or rubbed into the dispersion layer of a light colored hybrid polish. The use of black polish as\u2026","rel":"","context":"Article similaire","block_context":{"text":"Article similaire","link":""},"img":{"alt_text":"Nail Powder Dust","src":"https:\/\/i0.wp.com\/naillycosmetics.com\/wp-content\/uploads\/2020\/03\/Powder-Dust-1.jpg?fit=1000%2C1000&ssl=1&resize=350%2C200","width":350,"height":200,"srcset":"https:\/\/i0.wp.com\/naillycosmetics.com\/wp-content\/uploads\/2020\/03\/Powder-Dust-1.jpg?fit=1000%2C1000&ssl=1&resize=350%2C200 1x, https:\/\/i0.wp.com\/naillycosmetics.com\/wp-content\/uploads\/2020\/03\/Powder-Dust-1.jpg?fit=1000%2C1000&ssl=1&resize=525%2C300 1.5x, https:\/\/i0.wp.com\/naillycosmetics.com\/wp-content\/uploads\/2020\/03\/Powder-Dust-1.jpg?fit=1000%2C1000&ssl=1&resize=700%2C400 2x"},"classes":[]},{"id":23771,"url":"https:\/\/naillycosmetics.com\/fr\/produit\/victoria-vynn-donut-glazed-powder-dust\/","url_meta":{"origin":1358,"position":1},"title":"Victoria VYNN Dust Donut Glazed","author":"Serge Sahakian","date":"f\u00e9vrier 2, 2026","format":false,"excerpt":"Victoria VYNN Donut Glazed Powder offre un effet nacr\u00e9 d\u00e9licat avec une brillance douce et laiteuse pour des ongles modernes et \u00e9l\u00e9gants.","rel":"","context":"Article similaire","block_context":{"text":"Article similaire","link":""},"img":{"alt_text":"Victoria VYNN Donut Glazed Jar","src":"https:\/\/i0.wp.com\/naillycosmetics.com\/wp-content\/uploads\/2026\/02\/victoria-vynn-donut-glazed-jar-2.webp?fit=750%2C1000&ssl=1&resize=350%2C200","width":350,"height":200,"srcset":"https:\/\/i0.wp.com\/naillycosmetics.com\/wp-content\/uploads\/2026\/02\/victoria-vynn-donut-glazed-jar-2.webp?fit=750%2C1000&ssl=1&resize=350%2C200 1x, https:\/\/i0.wp.com\/naillycosmetics.com\/wp-content\/uploads\/2026\/02\/victoria-vynn-donut-glazed-jar-2.webp?fit=750%2C1000&ssl=1&resize=525%2C300 1.5x, https:\/\/i0.wp.com\/naillycosmetics.com\/wp-content\/uploads\/2026\/02\/victoria-vynn-donut-glazed-jar-2.webp?fit=750%2C1000&ssl=1&resize=700%2C400 2x"},"classes":[]},{"id":17838,"url":"https:\/\/naillycosmetics.com\/fr\/?attachment_id=17838","url_meta":{"origin":1358,"position":2},"title":"victoria vynn easy fiber gel sparkle milky et sparkle pink mobile slider","author":"Serge Sahakian","date":"mai 9, 2024","format":false,"excerpt":"victoria vynn easy fiber gel sparkle milky et sparkle pink mobile slider","rel":"","context":"Article similaire","block_context":{"text":"Article similaire","link":""},"img":{"alt_text":"victoria vynn easy fiber gel sparkle milky and sparkle pink mobile slider","src":"https:\/\/i0.wp.com\/naillycosmetics.com\/wp-content\/uploads\/2024\/05\/victoria-vynn-easy-fiber-gel-sparkle-milky-and-sparkle-pink-mobile-slider.webp?fit=1200%2C1200&ssl=1&resize=350%2C200","width":350,"height":200,"srcset":"https:\/\/i0.wp.com\/naillycosmetics.com\/wp-content\/uploads\/2024\/05\/victoria-vynn-easy-fiber-gel-sparkle-milky-and-sparkle-pink-mobile-slider.webp?fit=1200%2C1200&ssl=1&resize=350%2C200 1x, https:\/\/i0.wp.com\/naillycosmetics.com\/wp-content\/uploads\/2024\/05\/victoria-vynn-easy-fiber-gel-sparkle-milky-and-sparkle-pink-mobile-slider.webp?fit=1200%2C1200&ssl=1&resize=525%2C300 1.5x, https:\/\/i0.wp.com\/naillycosmetics.com\/wp-content\/uploads\/2024\/05\/victoria-vynn-easy-fiber-gel-sparkle-milky-and-sparkle-pink-mobile-slider.webp?fit=1200%2C1200&ssl=1&resize=700%2C400 2x, https:\/\/i0.wp.com\/naillycosmetics.com\/wp-content\/uploads\/2024\/05\/victoria-vynn-easy-fiber-gel-sparkle-milky-and-sparkle-pink-mobile-slider.webp?fit=1200%2C1200&ssl=1&resize=1050%2C600 3x"},"classes":[]},{"id":23773,"url":"https:\/\/naillycosmetics.com\/fr\/produit\/victoria-vynn-aurora-dust-powder\/","url_meta":{"origin":1358,"position":3},"title":"Victoria VYNN Dust Aurora 2.0","author":"Serge Sahakian","date":"f\u00e9vrier 2, 2026","format":false,"excerpt":"Cr\u00e9ez un \u00e9clat lumineux d'aurore avec Victoria VYNN Aurora Dust, une poudre ultra-fine aux doux reflets iris\u00e9s et au fini soyeux et \u00e9l\u00e9gant.","rel":"","context":"Article similaire","block_context":{"text":"Article similaire","link":""},"img":{"alt_text":"Victoria VYNN Aurora Powder Jar","src":"https:\/\/i0.wp.com\/naillycosmetics.com\/wp-content\/uploads\/2026\/02\/victoria-vynn-aurora-powder-jar-1-3.webp?fit=750%2C1000&ssl=1&resize=350%2C200","width":350,"height":200,"srcset":"https:\/\/i0.wp.com\/naillycosmetics.com\/wp-content\/uploads\/2026\/02\/victoria-vynn-aurora-powder-jar-1-3.webp?fit=750%2C1000&ssl=1&resize=350%2C200 1x, https:\/\/i0.wp.com\/naillycosmetics.com\/wp-content\/uploads\/2026\/02\/victoria-vynn-aurora-powder-jar-1-3.webp?fit=750%2C1000&ssl=1&resize=525%2C300 1.5x, https:\/\/i0.wp.com\/naillycosmetics.com\/wp-content\/uploads\/2026\/02\/victoria-vynn-aurora-powder-jar-1-3.webp?fit=750%2C1000&ssl=1&resize=700%2C400 2x"},"classes":[]},{"id":3225,"url":"https:\/\/naillycosmetics.com\/fr\/produit\/nail-technician-apron\/","url_meta":{"origin":1358,"position":4},"title":"Tablier Victoria VYNN","author":"Serge Sahakian","date":"ao\u00fbt 18, 2022","format":false,"excerpt":"Le tablier de proth\u00e9siste ongulaire Victoria VYNN est fabriqu\u00e9 dans un mat\u00e9riau qui prot\u00e8ge de la salet\u00e9, de la poussi\u00e8re et des pr\u00e9parations utilis\u00e9es. Le tablier dispose de deux grandes poches spacieuses et utilisables et d'une sangle de cou r\u00e9glable. Facile \u00e0 nettoyer, il est de taille unique.","rel":"","context":"Article similaire","block_context":{"text":"Article similaire","link":""},"img":{"alt_text":"nail technician apron","src":"https:\/\/i0.wp.com\/naillycosmetics.com\/wp-content\/uploads\/2022\/08\/apron-marine.jpeg?fit=753%2C753&ssl=1&resize=350%2C200","width":350,"height":200,"srcset":"https:\/\/i0.wp.com\/naillycosmetics.com\/wp-content\/uploads\/2022\/08\/apron-marine.jpeg?fit=753%2C753&ssl=1&resize=350%2C200 1x, https:\/\/i0.wp.com\/naillycosmetics.com\/wp-content\/uploads\/2022\/08\/apron-marine.jpeg?fit=753%2C753&ssl=1&resize=525%2C300 1.5x, https:\/\/i0.wp.com\/naillycosmetics.com\/wp-content\/uploads\/2022\/08\/apron-marine.jpeg?fit=753%2C753&ssl=1&resize=700%2C400 2x"},"classes":[]}],"jetpack_sharing_enabled":true,"_links":{"self":[{"href":"https:\/\/naillycosmetics.com\/fr\/wp-json\/wp\/v2\/product\/1358","targetHints":{"allow":["GET"]}}],"collection":[{"href":"https:\/\/naillycosmetics.com\/fr\/wp-json\/wp\/v2\/product"}],"about":[{"href":"https:\/\/naillycosmetics.com\/fr\/wp-json\/wp\/v2\/types\/product"}],"replies":[{"embeddable":true,"href":"https:\/\/naillycosmetics.com\/fr\/wp-json\/wp\/v2\/comments?post=1358"}],"wp:featuredmedia":[{"embeddable":true,"href":"https:\/\/naillycosmetics.com\/fr\/wp-json\/wp\/v2\/media\/6959"}],"wp:attachment":[{"href":"https:\/\/naillycosmetics.com\/fr\/wp-json\/wp\/v2\/media?parent=1358"}],"wp:term":[{"taxonomy":"product_brand","embeddable":true,"href":"https:\/\/naillycosmetics.com\/fr\/wp-json\/wp\/v2\/product_brand?post=1358"},{"taxonomy":"product_cat","embeddable":true,"href":"https:\/\/naillycosmetics.com\/fr\/wp-json\/wp\/v2\/product_cat?post=1358"},{"taxonomy":"product_tag","embeddable":true,"href":"https:\/\/naillycosmetics.com\/fr\/wp-json\/wp\/v2\/product_tag?post=1358"}],"curies":[{"name":"wp","href":"https:\/\/api.w.org\/{rel}","templated":true}]}}

Victoria VYNN Poudre à ongles métallisée Dust

<p>La collection Victoria VYNN Metallic Nail Powder Dust se compose de 8 poussières brillantes aux couleurs magnifiques qui, après l'application du Top Gloss No Wipe, donneront à vos ongles l'aspect de l'eau, d'un miroir ou du métal.</p>
<p>L'application du Top Matt No Wipe donnera à vos mailings réalisés avec des Metallic Dusts l'effet d'un velours soyeux ou d'un veau chaud, qui couvrira vos ongles pendant l'automne à venir.</p>
<p>Victoria VYNN, la marque de vernis gel la plus vendue au Canada, fournit aux techniciens et professionnels de l'ongle des produits de haute qualité pour créer des finitions d'art de l'ongle étonnantes. Visitez notre site fréquemment pour de nouveaux produits !</p>
<p>Nous sommes convaincus que chaque femme possède un énorme potentiel que nous voulons libérer. Nous veillons à ce que, grâce à des ongles étonnants, les femmes découvrent ce pouvoir en elles et soient prêtes à faire face à toutes les situations, courageuses et belles !</p>

<p>La collection Victoria VYNN Metallic Nail Powder Dust se compose de 8 poussières brillantes aux couleurs magnifiques qui, après application du Top Gloss No Wipe, donneront à vos ongles l'aspect de l'eau, du miroir ou du métal. L'application du Top Matt No Wipe donnera à vos motifs de mail réalisés avec les Metallic Dust l'effet d'un velours soyeux ou d'un veau chaud, qui couvrira vos ongles pendant l'automne à venir.</p>

Victoria VYNN Poudre à ongles Dust

février 2, 2026

Victoria VYNN Donut Glazed Powder offre un effet nacré délicat avec une brillance douce et laiteuse pour des ongles modernes et élégants.

Créez un éclat lumineux d'aurore avec Victoria VYNN Aurora Dust, une poudre ultra-fine aux doux reflets irisés et au fini soyeux et élégant.

août 18, 2022

Le tablier de prothésiste ongulaire Victoria VYNN est fabriqué dans un matériau qui protège de la saleté, de la poussière et des préparations utilisées. Le tablier dispose de deux grandes poches spacieuses et utilisables et d'une sangle de cou réglable. Facile à nettoyer, il est de taille unique.
